est common factor of 35507754 and 45162.
3474
Calculate the greatest common factor of 394805 and 45.
5
What is the greatest common factor of 5029 and 385259?
47
What is the greatest common divisor of 609 and 792624?
21
Calculate the greatest common divisor of 2858975 and 72250.
425
What is the greatest common divisor of 30734200 and 60?
20
What is the highest common divisor of 7395 and 1123445?
85
Calculate the greatest common factor of 61315188 and 176.
44
Calculate the greatest common factor of 1046962 and 954.
106
Calculate the highest common divisor of 639 and 1407291.
213
Calculate the highest common factor of 226226400 and 1020.
60
What is the greatest common divisor of 19 and 427961681?
19
Calculate the greatest common divisor of 46781 and 273593.
41
What is the greatest common factor of 499680 and 7200?
1440
What is the greatest common factor of 2407666618 and 6874?
6874
Calculate the highest common divisor of 5 and 2044995.
5
Calculate the greatest common factor of 372666780 and 18.
18
Calculate the highest common divisor of 33353200 and 7000.
200
Calculate the highest common divisor of 570 and 631228830.
570
What is the greatest common factor of 397635 and 3000?
15
Calculate the highest common factor of 85 and 307429105.
85
What is the greatest common factor of 290 and 432546745?
145
Calculate the greatest common divisor of 394806530 and 5710.
5710
Calculate the highest common factor of 54528 and 145536.
384
What is the greatest common factor of 2331 and 617436?
9
Calculate the highest common divisor of 41 and 210681.
1
Calculate the greatest common factor of 11388 and 198657966.
5694
Calculate the greatest common factor of 22668530 and 71378.
802
Calculate the greatest common divisor of 35659 and 88049.
169
Calculate the greatest common factor of 2499743 and 178.
89
What is the greatest common factor of 1045348696 and 56?
56
What is the highest common divisor of 1080 and 2980?
20
Calculate the highest common divisor of 543 and 10569133.
181
Calculate the highest common divisor of 18540 and 6235002.
1854
Calculate the highest common divisor of 67088772 and 3078.
342
What is the highest common divisor of 3062143 and 399?
7
What is the greatest common divisor of 98778 and 1362288?
606
What is the greatest common divisor of 209205391 and 899?
899
Calculate the highest common divisor of 5334 and 3675761.
127
Calculate the greatest common divisor of 353068160 and 40.
40
Calculate the highest common factor of 7567 and 36122696.
1081
Calculate the highest common factor of 4 and 283661322.
2
What is the greatest common divisor of 89816 and 55808?
872
Calculate the highest common divisor of 25672302 and 486.
162
What is the highest common divisor of 107333 and 540223?
593
What is the highest common divisor of 335 and 47084585?
335
Calculate the highest common factor of 11750045 and 655.
655
What is the greatest common divisor of 202764815 and 220?
55
What is the highest common factor of 114 and 10425794?
38
What is the greatest common divisor of 148834 and 14658?
14
Calculate the highest common divisor of 63 and 6920298.
63
What is the highest common factor of 1432552200 and 1200?
600
What is the greatest common factor of 74294 and 21956?
22
What is the highest common divisor of 8393 and 189224?
763
What is the greatest common factor of 3 and 145438?
1
What is the highest common divisor of 14960 and 1111000?
440
What is the highest common divisor of 1003968 and 13363?
581
Calculate the greatest common factor of 727386020 and 20.
20
Calculate the greatest common divisor of 770 and 2197202.
14
Calculate the greatest common divisor of 108582000 and 276.
12
What is the highest common factor of 13186 and 5121108?
38
What is the highest common factor of 75636 and 464472?
36
What is the greatest common factor of 45 and 423575?
5
What is the highest common factor of 4 and 7371872?
4
What is the greatest common factor of 11968858 and 22066?
1298
What is the greatest common factor of 40176 and 3827088?
1296
Calculate the highest common divisor of 541929 and 1591.
43
What is the highest common divisor of 1306722 and 214302?
102
What is the greatest common factor of 2138512 and 8848?
16
Calculate the highest common divisor of 2730 and 57957900.
2730
What is the greatest common factor of 12470 and 970510?
430
What is the highest common factor of 729828 and 72864?
396
What is the highest common factor of 3767239 and 49?
7
Calculate the greatest common divisor of 8323 and 20944399.
287
Calculate the greatest common divisor of 8 and 7711520.
8
What is the highest common factor of 506557 and 821?
821
Calculate the greatest common factor of 102 and 58413683.
17
What is the greatest common factor of 109666 and 2?
2
What is the highest common divisor of 216447232 and 1977?
659
What is the highest common factor of 1208 and 60973196?
604
What is the highest common divisor of 5454 and 151907535?
2727
Calculate the highest common divisor of 690536 and 36.
4
Calculate the greatest common divisor of 6193479 and 2390361.
5961
What is the greatest common factor of 890832 and 470072?
536
Calculate the greatest common factor of 344246 and 816942.
5138
Calculate the greatest common divisor of 8182968 and 96.
24
Calculate the highest common factor of 75437208 and 630.
126
What is the greatest common divisor of 9090 and 84031495?
505
Calculate the greatest common factor of 714 and 2229516.
102
What is the highest common divisor of 57298490 and 82650?
5510
Calculate the highest common factor of 1533848 and 58424.
872
Calculate the greatest common divisor of 43244640 and 97940.
1180
What is the greatest common factor of 58842 and 166?
2
Calculate the greatest common divisor of 7480 and 17816170.
170
Calculate the greatest common factor of 782 and 608994.
46
Calculate the greatest common factor of 540 and 4696800.
60
What is the greatest common divisor of 19353096 and 1512?
504
Calculate the highest common divisor of 3740418 and 278586.
594
What is the greatest common divisor of 92629979 and 234?
13
What is the greatest common factor of 1696 and 1798184?
424
What is the greatest common factor of 35227755 and 63?
9
What is the greatest common divisor of 1010552 and 4720?
472
What is the highest common divisor of 66308 and 1411102?
242
Calculate the greatest common factor of 12 and 369542748.
12
What is the highest common divisor of 3869219 and 73?
73
Calculate the greatest common divisor of 6092 and 82421714.
3046
Calculate the highest common factor of 6626 and 6221.
1
What is the greatest common divisor of 407129647 and 23?
23
What is the greatest common divisor of 488102 and 476766?
218
What is the greatest common divisor of 16793 and 1650607?
7
Calculate the greatest common divisor of 1115 and 337585205.
1115
Calculate the highest common factor of 88383841 and 91.
91
Calculate the highest common divisor of 70448 and 82416.
272
Calculate the greatest common factor of 24030 and 3069510.
30
Calculate the greatest common factor of 1528414 and 212.
106
What is the highest common factor of 2461842841 and 37?
37
What is the highest common divisor of 246229 and 114?
1
What is the highest common factor of 5042848 and 2360?
472
What is the highest common divisor of 55647 and 324?
81
What is the greatest common divisor of 6741008 and 16?
16
What is the greatest common factor of 654689 and 57722?
1519
What is the highest common factor of 37997051 and 2605?
521
What is the greatest common divisor of 160342 and 126?
14
What is the highest common factor of 6836774 and 4?
2
Calculate the greatest common divisor of 4552 and 260788.
4
What is the greatest common factor of 55 and 54945693?
11
Calculate the greatest common factor of 457182 and 12182284.
4618
Calculate the greatest common divisor of 1185138 and 112914.
918
What is the greatest common factor of 19322128 and 56?
56
What is the greatest common factor of 346468665 and 61080?
7635
What is the greatest common divisor of 16205020 and 4220?
20
What is the highest common factor of 2 and 253942116?
2
What is the highest common divisor of 144385131 and 255?
51
What is the highest common factor of 128124 and 261?
9
Calculate the highest common factor of 46995 and 48360.
195
What is the highest common divisor of 867702 and 5390?
22
Calcu